9
Let z be (103 - 1)/((-25)/10 - -1). What are the prime factors of 11/(((-36)/z)/9)?
11, 17
Let f be 32711*3/105*10. Suppose 7216 = 14*s - f. What are the prime factors of s?
7, 13
Suppose 5*k + q - 15 = 7, 3*k + 2*q = 9. Suppose 0 = -4*z + d + 360, -k*z - 3*d + 594 = 144. Let a = -28 + z. List the prime factors of a.
2, 31
Let c be 18/(-81) - (-2 - (-119)/(-9)). List the prime factors of (4251/15 - -3)/(6/c).
2, 179
Suppose 15221 = 38*a - 9099. Suppose -5*u + 60 + a = 0. What are the prime factors of u?
2, 5, 7
Suppose 0 = -4*k + 16, -4*b - 9*k = -11*k - 1536. Suppose 5*o = 4*o + b. List the prime factors of o.
2, 193
Suppose -3*c + 0*c + 9 = 0. Suppose c*h = -3*i + 12, -2*h - 10 = -5*i + 3*h. Suppose -4*u + i*d + 344 = 0, 3*u + 4*d = 2*u + 105. List the prime factors of u.
89
Let v(j) = 82*j - 1794. What are the prime factors of v(71)?
2, 19, 53
Suppose 2480 + 3026 = -3*y + p, -4*y - 4*p = 7368. Let t = -539 - y. List the prime factors of t.
2, 11, 59
Let f(i) = i**3 - 8*i - 403. Let p be f(0). Let g = -62 - 142. Let a = g - p. List the prime factors of a.
199
Let h = 10226 + -5512. List the prime factors of h.
2, 2357
Suppose a + 8 = 5*a. Let q(d) = 1 - d**3 + 12*d - d**2 + 4 + 9*d**a - 7. List the prime factors of q(9).
5
Suppose 994*l + 30864 = 996*l. What are the prime factors of l?
2, 3, 643
What are the prime factors of -183*7/42*(-14)/7?
61
What are the prime factors of (-2)/16 + (-1636470)/(-48)?
103, 331
Suppose 8318 - 21746 = 36*c. Let s = c + 561. What are the prime factors of s?
2, 47
Let n(u) = -11*u + 38. Let s be n(-5). Suppose 91*g + 234 = s*g. What are the prime factors of g?
3, 13
Let b(n) = 35*n**2 + 82*n - 31. List the prime factors of b(10).
4289
Let a = 74577 + -42610. List the prime factors of a.
13, 2459
Suppose -23*x + 59440 = -47947. List the prime factors of x.
7, 23, 29
List the prime factors of (-125)/(-10)*(-153608)/(-70).
2, 5, 13, 211
Let a be -8 + ((-10)/30)/(1/3). Let o be (-1 - -3 - 165) + -5. What are the prime factors of o/(((-81)/(-6))/a)?
2, 7
Let a be (307/1)/(-1*1). Let m = 4455 - 4615. Let y = m - a. List the prime factors of y.
3, 7
Let m = 496 + -497. What are the prime factors of 390/m*231/(-66)?
3, 5, 7, 13
Suppose -18 = 2*k - 5*k. Let y = 233 + -172. Let c = y - k. What are the prime factors of c?
5, 11
Let n(i) = -2*i**3 + 68*i**2 - 118*i + 121. List the prime factors of n(26).
3, 43, 61
Let g = 118 - 118. Let t(d) be the first derivative of -5*d**2/2 + 205*d + 1. What are the prime factors of t(g)?
5, 41
Suppose -17*f + 15*f = -8. Suppose -f*h + 888 = 4*h. What are the prime factors of h?
3, 37
Let u be 2/(-7) + (-80)/(-35). Suppose 2*j = -2*k - u + 10, -6 = k - 4*j. Suppose 0 = k*s - 4*y - 362, -s + 3*y = s - 360. List the prime factors of s.
3, 59
Let l(b) = 47*b - 1654. What are the prime factors of l(72)?
2, 5, 173
Let s = 5847 - -31754. What are the prime factors of s?
19, 1979
Let f = -17 + 23. Let d be -1 + f - 6 - 5/(-1). Suppose 0 = -2*i - 0*q - q + 72, 0 = 2*i + d*q - 60. What are the prime factors of i?
2, 19
Let d(o) = -3*o - 29. Let n be d(-7). Let t = n + 8. Suppose 78 = b - 0*b - r, t = -r - 3. List the prime factors of b.
3, 5
Let x(g) = 3*g**2 + 20*g - 11. Let s(a) = -a + 1. Let d(b) = 6*s(b) + x(b). Let z be d(-5). Suppose z = 13*v - 256 - 95. List the prime factors of v.
3
Let f(z) = 7*z + 1. Let i be f(-1). Let l be -3 - (-6)/(i/(-3)). What are the prime factors of (l - 2)/(360/182 + -2)?
7, 13
Let y = 213 + -65. Let b = -3 + 15. What are the prime factors of y*((-4)/b)/((-4)/6)?
2, 37
Let l(f) = 49*f - 118. Let g be l(0). Let o = 397 + g. List the prime factors of o.
3, 31
Let g(o) = -2*o**2 + 22*o - 25. Let p be g(8). Let b = -14 + p. Let l(q) = q**3 - 4*q**2 - 14*q - 20. What are the prime factors of l(b)?
7, 37
Let w(r) = -77*r + 98. Let c be w(-10). Let m = c + -200. List the prime factors of m.
2, 167
Suppose 0 = -6*w + 5*w + 3*u + 8816, 3*w - 2*u = 26483. List the prime factors of w.
8831
Let g(x) = 10999*x - 10399. What are the prime factors of g(4)?
3, 3733
Let c be (18/(-15))/(4/10) - 2. What are the prime factors of ((-3)/5*c)/(2/356)?
2, 3, 89
Suppose 2*o - 6*o = -2748. Suppose 2035 = 4*r + o. What are the prime factors of r?
337
Let t(b) = -2*b**3 - 8*b**2 + 4*b - 3. Let j be t(-5). Suppose 74 = 3*c - 19. Let f = c + j. List the prime factors of f.
2, 29
Let f(c) = 15 + 0*c**2 - c**2 + 11*c + 0*c**2 + 11. Let d be f(13). Suppose 0 = -d*z + 5*z - 510. List the prime factors of z.
2, 3, 17
List the prime factors of -5*-44*274*(-9)/(-180).
2, 11, 137
List the prime factors of ((-98)/4)/(22/(-15092)).
7
Let t(b) = b**3 + 50*b**2 - 7*b + 13. What are the prime factors of t(-44)?
3, 23, 173
Suppose 21*v - 283 + 15478 = 138486. What are the prime factors of v?
3, 19, 103
Let r = 6499 + -1483. What are the prime factors of (-1)/3 + r/9 + 0?
557
Let m = -37 - -37. Suppose -31 = -4*j - 5*r, -5*j + 4*r + 8 = -m*j. Suppose 0 = j*g - 2*g - 350. What are the prime factors of g?
5, 7
Let c(x) = x**3 + 14*x**2 - 2*x - 29. Let l be c(-14). Let q(y) = 415*y**2 - 6*y - 7. Let i be q(l). List the prime factors of (i/15)/(3/(225/10)).
3, 23
Suppose 59392 + 115704 = 5*x - 2*y, y - 105073 = -3*x. What are the prime factors of x?
2, 3, 13, 449
Let a be 1 - (20/5 - 7). Suppose -4*o = -4*c + 6*c - 60, 42 = 2*o + a*c. What are the prime factors of (4 - (-717)/o) + 2/(-13)?
59
Suppose 14*x - 36 = 10*x. Suppose 22*b + 13 = x*b. What are the prime factors of b + (-4 - 0) + 120?
5, 23
Let a be 1/((-6)/(-5) - 3/3). Suppose -q = 2*c + q - 278, q = a*c - 713. List the prime factors of c.
2, 71
Suppose 10*k = 16*k + 30. Suppose q + 0*q = 1. What are the prime factors of 88*1 + (q + k - -5)?
89
Let j = 21 - 1. Suppose -o = -5*n - j, -2*o + 0*n = 4*n - 96. Suppose -5*l = 4*u - 273, -3*u + 145 = 2*l + o. List the prime factors of l.
3, 19
Suppose -p + 5642 = -5*z + 808, 1 = z. What are the prime factors of p?
3, 1613
Let q be (-1)/5 - (-93)/15. Suppose 0 = -3*x + q*x + 9. What are the prime factors of -2 - (0/(x/(-3)) - 10)?
2
Let s(b) = -2*b**2 + 25*b + 17. Let u be s(13). Suppose u*m = -c + 2314, -8*c = -10*c - 4. List the prime factors of m.
3, 193
Let l(r) be the third derivative of -r**5/60 + 13*r**4/24 - 5*r**3/6 - 60*r**2. Let b be 2/(1*4/22). List the prime factors of l(b).
17
Suppose -u + 2*u = -b + 13, -9 = -u - 5*b. Let z be 816/u - (-16)/(-56). Let j = -33 + z. What are the prime factors of j?
5
Let o be (0 + -23)*(-6 + 5). Let f = 27 - o. Suppose 2*t = f*p - 292 - 566, -5*t = -3*p + 626. What are the prime factors of p?
7, 31
Let i be (-13)/(-4) - ((-33)/(-12))/11. What are the prime factors of i/((-15)/25)*-54 - 1?
269
Suppose -2*t = -26 - 4. Let p be (15/2)/((-36)/(-16))*3*2. Suppose -p*o = -t*o - 25. List the prime factors of o.
5
Let m(k) = 3*k**3 - 2*k**2 - k - 2. Let v be m(2). Let q(z) = -z**3 + 12*z**2 - 12. Let w be q(v). List the prime factors of -5 + -26*(3 + w).
229
Suppose 54*i = 29*i - 57*i + 933488. List the prime factors of i.
2, 1423
Suppose -64 = 37*y - 5*y. List the prime factors of (y/5)/(5/(-12925)).
2, 11, 47
Let y(h) = 7*h**2 + 25*h - 509. List the prime factors of y(-25).
7, 463
Let b(y) be the first derivative of 57*y**2/2 - 97*y + 133. What are the prime factors of b(8)?
359
Let g(o) = 24*o**2 - 200*o + 367. What are the prime factors of g(52)?
83, 661
Let t = 1268 + 27128. List the prime factors of t.
2, 31, 229
Let c = 12 - 8. Let z(w) = 70*w - 1929 - 42*w + 1965. What are the prime factors of z(c)?
2, 37
Suppose -79*r = -4728835 + 154103. What are the prime factors of r?
2, 31, 467
Let i(a) = -a**2 + 21*a - 15. Let v be i(20). Suppose -4*k + 78 = -c + 4*c, -5*c - v*k + 125 = 0. Let s(h) = 5*h + 29. What are the prime factors of s(c)?
139
Suppose -3*n + 2*m = 7 - 1, -5*m + 15 = 4*n. Suppose 5*t - 2*a - 75 = 0, n*t + 2*t + 2*a - 16 = 0. What are the prime factors of t?
13
List the prime factors of (-79)/(((-3)/15)/(-15 + 36)).
3, 5, 7, 79
What are the prime factors of (-105560)/(-60)*9/6?
7, 13, 29
Suppose -2*j = -550 - 40. Suppose 0*a - x + j = a, 2*x - 1182 = -4*a. List the prime factors of a.
2, 37
Let d(k) = -k**2 + 7*k + 62. Let j be d(13). Let n(b) = b**3 + 15*b**2 - 42*b - 77. List the prime factors of n(j).
3, 113
Suppose 0 = -95*k + 2332 + 2323